of 95851 and 3787.
7
Calculate the greatest common divisor of 20184725 and 1450.
725
What is the greatest common factor of 703296 and 1323712?
2368
What is the greatest common divisor of 52 and 282752054?
26
What is the greatest common factor of 5441 and 1386094750?
5441
Calculate the highest common divisor of 6285 and 1253229.
1257
What is the greatest common divisor of 377 and 2397213?
13
What is the greatest common factor of 64369 and 721151?
1091
Calculate the highest common factor of 46028040 and 3384.
1128
What is the highest common factor of 403040005 and 2018?
1009
Calculate the greatest common factor of 117163067 and 49.
49
What is the greatest common divisor of 1479690 and 67855?
205
What is the highest common factor of 112 and 17009881?
7
What is the highest common factor of 43299 and 753912?
2547
What is the greatest common divisor of 768 and 83090176?
256
What is the greatest common divisor of 48 and 75604632?
24
What is the highest common factor of 1570772 and 10108?
28
Calculate the highest common divisor of 1037608 and 200.
8
What is the greatest common divisor of 4615041 and 306?
51
What is the highest common divisor of 15557 and 2013804?
331
What is the greatest common divisor of 306204 and 331228?
68
What is the greatest common factor of 30128003 and 199?
199
What is the greatest common factor of 880329 and 5112?
213
Calculate the highest common divisor of 12604 and 1656.
92
What is the highest common factor of 4638432 and 20520?
456
Calculate the greatest common divisor of 504 and 146172915.
63
Calculate the greatest common factor of 403598 and 5495503.
4693
Calculate the highest common factor of 507066 and 3206.
14
Calculate the highest common factor of 236458 and 441966.
1238
What is the highest common factor of 288792 and 428463?
189
What is the greatest common factor of 1800 and 6165144?
72
What is the highest common divisor of 42863558 and 214?
214
What is the greatest common divisor of 35743 and 35371?
31
Calculate the highest common factor of 184 and 147462062.
46
Calculate the highest common factor of 56860706 and 903.
301
Calculate the highest common divisor of 797920 and 1808.
16
Calculate the highest common divisor of 13751188 and 176.
44
Calculate the highest common divisor of 19430 and 4980445.
335
Calculate the highest common divisor of 136 and 44392508.
68
Calculate the highest common factor of 75953144 and 408.
136
Calculate the highest common factor of 630 and 167853.
21
What is the highest common factor of 3720 and 8406456?
744
Calculate the greatest common divisor of 81 and 376308.
9
Calculate the highest common divisor of 26 and 825959797.
13
What is the greatest common divisor of 8646 and 237096376?
2882
Calculate the greatest common divisor of 992 and 408177.
31
Calculate the highest common factor of 348300 and 12141738.
6966
Calculate the greatest common factor of 1044 and 46540476.
1044
What is the greatest common factor of 8240013 and 45?
9
Calculate the highest common factor of 16946969 and 16.
1
Calculate the highest common factor of 73 and 106198064.
73
What is the highest common factor of 630 and 24575985?
315
Calculate the greatest common factor of 432573 and 13129.
19
Calculate the highest common factor of 1215 and 5657760.
45
What is the greatest common factor of 103433650 and 150?
50
What is the highest common factor of 527 and 871573?
17
What is the highest common divisor of 13724 and 1598188?
188
What is the greatest common factor of 222973 and 781431?
293
What is the greatest common factor of 86540586 and 18942?
2706
What is the greatest common divisor of 4778648 and 280?
56
What is the highest common divisor of 977 and 33084151?
977
What is the greatest common factor of 240 and 272507280?
240
Calculate the greatest common divisor of 12500128 and 16.
16
What is the greatest common factor of 57386 and 1498?
14
Calculate the greatest common factor of 87346 and 275407076.
5138
Calculate the highest common factor of 20496 and 11233516.
1708
What is the greatest common factor of 9343358 and 590?
118
Calculate the greatest common factor of 5230393 and 14.
7
Calculate the greatest common divisor of 119 and 6055349.
17
Calculate the highest common divisor of 586672 and 4432.
16
Calculate the greatest common divisor of 4566 and 28010888.
1522
Calculate the highest common divisor of 399870 and 5940.
270
Calculate the greatest common divisor of 265182971 and 3327.
1109
What is the highest common factor of 88780 and 115000?
460
What is the highest common divisor of 11740085 and 1028699?
4613
What is the greatest common divisor of 61947640 and 11800?
2360
Calculate the greatest common factor of 3085251 and 48039.
717
What is the highest common divisor of 814 and 8054456?
74
What is the highest common divisor of 29648 and 2237552?
1744
What is the greatest common divisor of 12749 and 166573?
209
What is the highest common factor of 124393700 and 50?
50
Calculate the highest common divisor of 359707 and 118204.
1019
Calculate the greatest common divisor of 195207726 and 4746.
4746
Calculate the greatest common divisor of 1807 and 216462337.
1807
Calculate the highest common divisor of 71095905 and 45.
45
Calculate the greatest common factor of 3088 and 11202.
2
Calculate the highest common divisor of 15812 and 116525.
59
Calculate the highest common factor of 408612 and 16524.
204
Calculate the highest common factor of 563104977 and 174.
87
Calculate the highest common factor of 1762582 and 138.
46
What is the greatest common factor of 10268 and 6562?
34
Calculate the greatest common divisor of 5058 and 1933842.
1686
Calculate the highest common divisor of 1442 and 3675504.
14
Calculate the greatest common factor of 20616 and 6423602.
1718
Calculate the greatest common factor of 1501485 and 810.
15
What is the greatest common divisor of 1631812 and 1118?
26
Calculate the greatest common divisor of 588646 and 3297079.
3307
What is the greatest common divisor of 1655797 and 22?
11
What is the greatest common divisor of 303204 and 37884?
132
What is the highest common divisor of 304 and 2032368?
16
Calculate the highest common factor of 22287416 and 129.
43
Calculate the highest common divisor of 3205300 and 25650.
950
What is the highest common factor of 5010230 and 1967?
281
What is the highest common divisor of 13062 and 49592682?
1866
What is the greatest common divisor of 73025 and 137425?
575
What is the greatest common divisor of 20445549 and 6657?
951
Calculate the greatest common factor of 85 and 171519.
1
What is the highest common factor of 11682 and 58228398?
1062
Calculate the greatest common divisor of 5894568 and 2248.
8
Calculate the highest common factor of 33138684 and 144.
36
Calculate the greatest common factor of 50816931 and 270039.
5511
Calculate the greatest common divisor of 334184284 and 3248.
812
Calculate the highest common divisor of 907130 and 280.
70
What is the greatest common divisor of 638 and 239154619?
319
Calculate the greatest common divisor of 12944129 and 11891.
517
What is the highest common divisor of 1288 and 346836021?
161
Calculate the greatest common divisor of 11476 and 814948.
76
Calculate the highest common factor of 3768 and 25518.
6
What is the highest common divisor of 1851336 and 4023?
27
Calculate the highest common factor of 194134 and 350472.
1718
Calculate the highest common divisor of 32398704 and 23328.
3888
Calculate the highest common divisor of 1059 and 2555504670.
1059
Calculate the greatest common factor of 40 and 11709045.
5
What is the greatest common factor of 148 and 7292922?
74
Calculate the highest common divisor of 658008 and 7917186.
4218
Calculate the highest common divisor of 724 and 3358274.
362
Calculate the highest common divisor of 6579 and 160634326.
731
Calculate the greatest common factor of 9685 and 14235.
65
Calculate the highest common factor of 12130 and 335.
5
What is the highest common divisor of 2223 and 54837549?
117
What is the greatest common factor of 1232 and 4790940?
308
What is the highest common divisor of 210724805 and 5254?
2627
Calculate the greatest common divisor of 14530050 and 1692.
846
Calculate the greatest common factor of 99 and 22293084.
33
What is the highest common factor of 5456 and 173027492